ctor of s and 85?
17
Suppose 4*q - 5*x - 730 = 0, -4*q + 738 = -x - 0*x. Suppose 5 = -f, -25 = b + f - q. What is the greatest common divisor of 15 and b?
15
Suppose -4*p - 2*v + 280 = 0, 347 = 7*p - 2*p + 4*v. Let a = p + -35. What is the greatest common divisor of a and 12?
12
Let j = -7 - -11. Suppose 4*c - 270 = -2*t, -j*t + 3*c + 540 = c. Let v = 12 - -3. What is the greatest common factor of t and v?
15
Let i be (-4 + 21/15)/(20/(-500)). Suppose 4*t - 19 + 105 = 3*g, 0 = g - 3*t - 32. Calculate the greatest common divisor of g and i.
13
Suppose 0 = 2*f - 5*k - 776, -3*f - 3*k - 226 = -1348. What is the greatest common factor of f and 108?
54
Let k be (5/4)/(8/32). Let h = 103 - 98. What is the greatest common divisor of k and h?
5
Let m = -3 + 7. Let v be (-3)/2*(10/(-3))/(-5). Let b = v + 17. What is the highest common factor of m and b?
4
Let j(o) = 18*o**2 + o - 2. Let m be j(2). Calculate the greatest common factor of m and 8.
8
Let t be -3 + (0 + 2 - -3). Suppose -t*h - 5*m - 12 = -h, 3*m + 44 = 4*h. Calculate the greatest common factor of h and 8.
8
Let i(k) = -k + 19. Let f be i(22). Let w be 0 + 10*3 - f. Suppose -31 = -2*x - 3*a, -3*x + 35 = x - 3*a. Calculate the highest common factor of w and x.
11
Let r be (-22 - (-10 - 1)) + 843. What is the highest common divisor of 4 and r?
4
Let i(p) = p**3 - 27*p**2 - 55*p - 10. Let f be i(29). Calculate the highest common factor of f and 44.
11
Let q be 3/(3/64) - (-176 - -172). Calculate the highest common divisor of q and 442.
34
Suppose -3*q + 26 = -10. Let u be 127 + 2 + (-18)/3. Suppose -4*b + 21 = -u. Calculate the highest common divisor of q and b.
12
Let f = -6 + 11. Let h(z) = -z**2 + 12. Let d(g) = g**2 - g - 13. Let k(m) = f*h(m) + 4*d(m). Let l be k(-5). What is the highest common divisor of 3 and l?
3
Let q = -8 - -14. Let b = 446 + -410. What is the greatest common factor of q and b?
6
Let z(u) = 26*u**2 + u - 1. Let w be z(2). Let v = 190 - w. What is the greatest common divisor of 34 and v?
17
Let j = 116 - 63. Suppose j = 2*q - 7. Suppose -y - d + 6*d + 5 = 0, -5*d + 70 = 4*y. What is the highest common factor of q and y?
15
Let h(i) = -i + 17. Let p be h(9). Suppose -c = -p*c + 28. Let g(w) = -w + 5. Let v be g(4). What is the greatest common divisor of v and c?
1
Suppose 2*p = 7*p - p. Suppose -2*v - 8 + 12 = p. Calculate the highest common factor of v and 2.
2
Suppose -4 = o - 5, -2*o = -5*n + 438. What is the highest common divisor of n and 44?
44
Let v(i) = -i**2 - 25*i + 9. Let d be v(-24). Calculate the greatest common factor of d and 110.
11
Suppose f + 4*f = -25. Let b = -9 - f. Let p = b - -8. Calculate the greatest common factor of 2 and p.
2
Suppose 11*g + g - 120 = 0. Calculate the highest common divisor of 130 and g.
10
Let r(p) = -2*p**3 - 69*p**2 + 37*p + 91. Let c be r(-35). Calculate the greatest common divisor of c and 735.
21
Let k be 27 - 13 - 5 - -15. Let v(o) = o**2 + o + 8. Let g be v(0). Calculate the highest common factor of g and k.
8
Suppose -p - 3*t = -18 - 111, 0 = -2*p - 3*t + 243. What is the greatest common factor of 152 and p?
38
Let v(r) = -r**3 + r + 21. Let y be v(0). Let g(u) = 2*u + 34. Let a be g(-6). Suppose -12 = y*m - a*m. Calculate the highest common factor of m and 36.
12
Suppose -42*l = 14*l - 1512. Let i be (-2)/(-3 + 21/9). Calculate the greatest common factor of i and l.
3
Let h be -3 + (-308)/4 - -2. Let x be -3 + h/(-12) - (-6)/(-4). Calculate the greatest common factor of 1 and x.
1
Let p be ((-50)/(-8))/(6/24). Suppose 24*d + 56 = p*d. Suppose -4*o + 32 = -0*o. What is the highest common divisor of o and d?
8
Let z(c) = -5*c + 36. Let i be z(3). Let g = 116 + -11. Calculate the greatest common divisor of i and g.
21
Let l = -703 + 772. Calculate the highest common factor of 46 and l.
23
Suppose 0 = 5*h + 4*u - 389 - 148, 3*h - u - 312 = 0. Calculate the highest common divisor of h and 120.
15
Let h(r) = 8*r + 6. Suppose v = 11*v - 30. Let m be h(v). What is the highest common divisor of 6 and m?
6
Let g = -77 + 86. Suppose 5*f + 2*x = 51, 4*f - 5*x = f + 12. Calculate the highest common factor of f and g.
9
Let u(f) be the second derivative of f**4/6 + f**3/3 - 3*f**2/2 - 28*f. Let o be u(-7). What is the greatest common factor of 27 and o?
27
Let s = -7 - -1. Let d = s + 10. Suppose 3*q - 22 = 26. Calculate the greatest common factor of d and q.
4
Let a(q) = -q**3 + 8*q**2 - 7*q + 5. Suppose -2*b - 26 = -4*u, -2*u - u = 3*b - 15. Let y be a(u). What is the highest common factor of 5 and y?
5
Let i = 1 - -6. Let b = -71 - -139. Let l = -47 + b. Calculate the greatest common factor of l and i.
7
Let p(a) = -92*a + 207. Let j be p(2). Calculate the greatest common factor of 736 and j.
23
Let m be (-7 - (-16 + 11))/((-2)/24). What is the highest common divisor of m and 488?
8
Let g(w) = w - 10. Suppose 8 = 3*o + 50. Let q be g(o). Let l = q + 33. What is the greatest common divisor of 9 and l?
9
Let j(y) = 51*y**2 + 237*y + 6. Let d be j(-5). What is the greatest common factor of 1104 and d?
48
Suppose 0 = 2*n - 21*n + 2470. What is the highest common divisor of n and 91?
13
Suppose 412*c = 425*c - 650. Calculate the greatest common divisor of c and 80.
10
Suppose 3*l = -4*g + 616, -608 = -4*g - l - 0*l. Let u = -106 + g. Calculate the greatest common divisor of 9 and u.
9
Let f = 17 + -19. Let k be 44/(-33)*3/f. Calculate the highest common factor of 1 and k.
1
Suppose -4*q + 47 = n, 2*q - 114 = -3*n - q. What is the highest common factor of 70 and n?
35
Let l = -43 + 21. Let d be 20/110 + (-1580)/l. Let a = d - 21. Calculate the greatest common factor of a and 17.
17
Suppose m - 4*m = -171. Let d = 118 - m. Suppose -2*q = i - 180, 2*q + 4*i - d = 131. Calculate the greatest common divisor of q and 11.
11
Let w = -111 - -423. Suppose w = 6*g - 234. Calculate the highest common divisor of g and 7.
7
Suppose 10*o - 2*o + 24 = 0. Let y = 3 - o. What is the greatest common factor of 4 and y?
2
Let q = 156 + -290. Let w be q/(-5) + 6 + (-87)/15. Let j = 166 + -85. Calculate the highest common factor of w and j.
27
Suppose -71 = -4*l + 505. Let j be 122*(-2)/(-8)*2. Suppose -4*o = -11 - j. What is the greatest common divisor of l and o?
18
Let r(y) = -y**2 + 10*y - 6. Suppose a - 3*c = 0, -a + 4*c - 6 + 3 = 0. Let h be r(a). Suppose 4*t - 18 = h*t. Calculate the highest common factor of 9 and t.
9
Suppose -5*c = -j + 291, 2*c = 3*j + 7*c - 913. Let r be (-5445)/(-27) + (-2)/3. Let s = j - r. What is the highest common factor of s and 40?
20
Suppose 2*l - 22 = -2*k, 5 = 2*l + 4*k - 7. Calculate the highest common factor of 8 and l.
8
Suppose -14*r + 20*r = 468. Suppose 19*q = 16*q + r. Calculate the greatest common divisor of 13 and q.
13
Let m(a) = 2*a**2 - 16*a. Let n be m(12). What is the greatest common factor of n and 160?
32
Let y(z) = z**3 + 11*z**2 + 8*z - 8. Let d be y(-10). Suppose 7*f - d = 5*f. What is the greatest common divisor of 6 and f?
6
Suppose -5*k + 0*k + 300 = 0. Suppose 3*a - 4*a - 36 = -3*o, 5*o + 2*a = k. Let b = 177 + o. Calculate the greatest common divisor of b and 21.
21
Let z(d) = -d**3 - d**2 + 2. Let r be z(0). Suppose -73 - 87 = -r*x. Suppose 2*v + v - 96 = 0. What is the greatest common divisor of v and x?
16
Suppose -3*k + 2*y + 1256 = y, -y - 836 = -2*k. Suppose 5*p - k = -5*v, -4*v + 4*p + 110 + 194 = 0. Calculate the highest common factor of v and 10.
10
Let b(o) = o**3 - 30*o**2 + 3*o + 3. Let a be b(30). What is the greatest common divisor of a and 1581?
93
Let u = 233 + -229. What is the highest common divisor of u and 124?
4
Suppose 20*s - 15151 - 7169 = 0. Calculate the greatest common factor of s and 72.
36
Suppose -2*j = 7*o - 6*o - 36, 2*o - 3*j - 107 = 0. What is the greatest common divisor of o and 1058?
46
Suppose f - 3*a = 101, -5*a = 78*f - 77*f - 109. Let c = 9 + 4. What is the highest common factor of c and f?
13
Suppose 1900 = -8*g + 28*g. Calculate the highest common factor of 95 and g.
95
Let b = 47 - 73. Let s = b + 29. Suppose -2*k + 12 = l, 13 = 4*k - 2*l - s. What is the greatest common factor of 25 and k?
5
Let p be (-12077)/(-13) - 2*(-5)/5. Calculate the highest common factor of p and 38.
19
Let d(y) = -3*y + 2. Let k(q) = 4*q - 2. Let p(i) = 3*d(i) + 2*k(i). 